e 84321519?
False
Is 14480063 a multiple of 218?
False
Does 1710 divide 41607014?
False
Is 1028402454 a multiple of 34?
True
Is 654 a factor of 21159684?
False
Is 49 a factor of 1544902945?
False
Does 3599 divide 243607124?
False
Is 990603750 a multiple of 4397?
False
Is 308 a factor of 1015471072?
True
Is 3218002060 a multiple of 511?
True
Is 2245824 a multiple of 168?
True
Does 38 divide 59906468?
True
Is 505888500 a multiple of 750?
True
Is 258302005 a multiple of 65?
True
Does 261 divide 58902461?
False
Is 14081495 a multiple of 21?
False
Does 2 divide 144739059?
False
Is 47 a factor of 786169?
True
Is 894 a factor of 5184376125?
False
Does 72 divide 111018284?
False
Is 549 a factor of 51676272?
True
Does 2684 divide 49831144?
True
Does 58 divide 193603884?
True
Is 168 a factor of 1552142424?
True
Does 23 divide 441168175?
True
Does 335 divide 4104420?
True
Is 351 a factor of 1144156455?
True
Does 8100 divide 246426300?
True
Is 3857349 even?
False
Is 466 a factor of 6590172?
True
Does 2690 divide 27064090?
True
Is 2 a factor of 1289310?
True
Is 14827820 a multiple of 5?
True
Does 114 divide 34226106?
True
Is 353627856 a multiple of 87?
True
Is 800121504 a multiple of 3752?
True
Does 168 divide 27549816?
True
Is 395 a factor of 400269300?
True
Is 62619879 a multiple of 15?
False
Is 3736148646 a multiple of 822?
True
Is 40222506 a multiple of 7?
False
Is 53468820 a multiple of 94?
False
Is 326109708 a multiple of 1581?
True
Does 2 divide 642444?
True
Does 1784 divide 54123177?
False
Is 349 a factor of 21843306?
False
Is 67877650 a multiple of 250?
False
Is 1547035740 a multiple of 1115?
True
Does 143 divide 25253514?
True
Does 580 divide 59382720?
True
Is 7 a factor of 46597250?
True
Is 41560085 a multiple of 413?
False
Does 3626 divide 19433069?
False
Is 904602826 a multiple of 27?
False
Does 8 divide 62050456?
True
Does 588 divide 10030692?
True
Is 2301 a factor of 118504761?
False
Is 1107 a factor of 14561478?
True
Does 159 divide 82363008?
False
Does 36 divide 13440528?
True
Does 515 divide 11138935?
True
Is 116508019 a multiple of 7?
False
Is 1838057364 a multiple of 33?
True
Is 509232 a multiple of 206?
True
Is 319022236 a multiple of 113?
False
Is 10981998 a multiple of 648?
False
Is 32 a factor of 91840408?
False
Is 569545650 a multiple of 25?
True
Is 111 a factor of 34072900?
False
Does 10 divide 99634230?
True
Is 12453746 a multiple of 133?
False
Does 92 divide 301746292?
True
Is 11 a factor of 1045381976?
False
Is 35991063 a multiple of 3?
True
Does 1173 divide 37693954?
False
Is 9193463 a multiple of 1604?
False
Does 112 divide 21983024?
True
Is 4 a factor of 807809284?
True
Does 6 divide 858288?
True
Is 661 a factor of 43520901?
True
Does 541 divide 4073730?
True
Is 4 a factor of 55716096?
True
Does 5 divide 156595695?
True
Is 60 a factor of 2238470?
False
Is 9037143 a multiple of 74?
False
Is 1509085696 a multiple of 5671?
False
Does 5 divide 9832466?
False
Is 134 a factor of 110545176?
True
Is 1031 a factor of 1546692694?
False
Is 40925890 a multiple of 155?
True
Does 3381 divide 197457162?
True
Is 12 a factor of 340129?
False
Is 42720942 a multiple of 229?
False
Is 1424293890 a multiple of 15?
True
Is 24 a factor of 58211856?
True
Is 4625 a factor of 2312546250?
True
Is 49 a factor of 40650449?
True
Is 28 a factor of 5972900?
False
Is 47 a factor of 26483184?
True
Is 2302695318 a multiple of 869?
True
Does 2610 divide 203697292?
False
Is 5011 a factor of 3997739527?
False
Is 201296300 a multiple of 2350?
True
Does 380 divide 2691976656?
False
Does 10 divide 18215570?
True
Is 5 a factor of 3000142?
False
Is 28 a factor of 285007?
False
Does 1127 divide 6420519?
True
Is 5576 a factor of 671768600?
True
Is 112613564 a multiple of 204?
False
Is 799782032 a multiple of 112?
True
Is 1939145734 a multiple of 893?
False
Is 63386371 a multiple of 22?
False
Is 116731300 a multiple of 1850?
True
Is 1466156 a multiple of 2?
True
Is 79 a factor of 355085645?
True
Does 362 divide 1102927844?
True
Is 35 a factor of 246696520?
True
Is 35811775 a multiple of 232?
False
Is 5787621993 a multiple of 59?
False
Is 2404 a factor of 1414108191?
False
Is 146995362 a multiple of 1737?
True
Is 105375734 a multiple of 66?
False
Is 433531043 a multiple of 347?
True
Is 224 a factor of 148039360?
True
Does 294 divide 2135023884?
True
Is 31 a factor of 1094326780?
False
Is 79951272 a multiple of 289?
True
Is 196 a factor of 38823484?
True
Does 924 divide 78243396?
True
Does 11 divide 43077429?
False
Is 970688565 a multiple of 3065?
True
Is 6 a factor of 10319539?
False
Does 4 divide 61817569?
False
Is 17 a factor of 14609545?
True
Is 44 a factor of 30351887?
False
Is 106388235 a multiple of 260?
False
Is 20 a factor of 19584791?
False
Does 233 divide 805159516?
False
Is 18436933 a multiple of 337?
True
Is 4136296 a multiple of 4?
True
Is 2707 a factor of 2144856406?
False
Is 204897560 a multiple of 2765?
True
Is 287 a factor of 44532866?
False
Does 27 divide 452222676?
True
Is 935 a factor of 2111271900?
False
Is 25 a factor of 22058118?
False
Is 712 a factor of 843092728?
True
Is 19 a factor of 27246399?
True
Does 6 divide 40511406?
True
Is 313313374 a multiple of 11?
True
Is 855092264 a multiple of 104?
True
Is 322 a factor of 81316129?
False
Is 161519837 a multiple of 123?
False
Is 6610672 a multiple of 46?
False
Is 428 a factor of 154356916?
True
Is 223 a factor of 31931816?
True
Does 17 divide 183704763?
False
Is 28793771 a multiple of 1221?
False
Is 155246245 a multiple of 1805?
True
Is 54294080 a multiple of 3064?
True
Is 479 a factor of 99957720?
True
Is 344 a factor of 318714968?
True
Is 294820070 a multiple of 370?
True
Is 436585320 a multiple of 1254?
False
Is 114575002 a multiple of 94?
True
Is 60 a factor of 32999291?
False
Does 107 divide 65907999?
False
Does 61 divide 98657607?
False
Does 146 divide 15258022?
True
Is 22 a factor of 101489784?
True
Does 19 divide 5115332?
True
Does 38 divide 51578160?
True
Does 242 divide 508987952?
True
Is 314942202 a multiple of 654?
True
Is 13819430 a multiple of 55?
False
Is 102216485 a multiple of 1435?
True
Is 13 a factor of 552056988?
False
Is 302351775 a multiple of 37?
False
Is 1066519200 a multiple of 1200?
True
Is 27293388 a multiple of 88?
False
Is 239671045 a multiple of 365?
True
Is 433901550 a multiple of 2818?
True
Does 23 divide 5658647749?
True
Is 42 a factor of 22480878?
True
Is 3222 a factor of 1354406186?
False
Is 26 a factor of 20321106?
True
Is 62248680 a multiple of 312?
True
Is 10830 a factor of 418611990?
True
Is 699347 a multiple of 4?
False
Does 13 divide 39958386?
True
Is 371697762 a multiple of 578?
False
Is 99 a factor of 3497645843?
False
Is 39378570 a multiple of 134?
False
Is 68984210 a multiple of 21?
False
Is 117 a factor of 259494019?
False
Does 1103 divide 25140940?
False
Does 131 divide 2090806374?
True
Does 502 divide 56028282?
False
Is 2305989 a multiple of 7?
True
Is 589 a factor of 1518923213?
True
Does 86 divide 360132486?
False
Is 14850002 a multiple of 23?
False
Is 352 a factor of 672481216?
True
Is 430062080 a multiple of 40?
True
Is 79567838 a multiple of 7?
True
Is 48365191 a multiple of 23?
False
Is 1641440010 a multiple of 3342?
True
Is 394 a factor of 2871383744?
True
Does 90 divide 628458030?
True
Is 422 a factor of 126136869?
False
Is 22 a factor of 21919445?
False
Does 2724 divide 3266076?
True
Does 15 divide 96454740?
True
Is 13 a factor of 353897167?
True
Is 55346106 a multiple of 339?
False
Is 130 a factor of 22803930?
False
Is 1790 a factor of 42279800?
True
Is 29903178 a multiple of 33?
False
Is 21725670 a multiple of 12?
False
Is 281 a factor of 150505028?
False
Is 1182548646 a multiple of 2974?
True
Is 586909015 a multiple of 1715?
True
Does 78 divide 125004828?
True
Does 77 divide 1010611987?
True
Is 2409 a factor of 183746475?
True
Does 1611 divide 14979862?
False
Is 96 a factor of 7209984?
True
Does 239 divide 93729424?
False
Does 9 divide 23979834?
True
Does 36 divide 354845592?
True
Is 26404945 a multiple of 690?
False
Is 379 a factor of 3043855156?
False
Is 298780258 a multiple of 322?
True
Is 1436448 a multiple of 32?
True
Is 2636910088 a multiple of 10556?
False
Is 33897216 a multiple of 3496?
True
Is 17 a factor of 224104953?
False
Doe